ue
Is 50 a factor of 221600?
True
Is 85 a factor of 666075?
False
Is 161264 a multiple of 8?
True
Does 106 divide 2624348?
True
Is 17 a factor of 4307192?
False
Is 17 a factor of 191437?
True
Is 43 a factor of 3102493?
True
Does 87 divide 681297?
True
Is 118809 a multiple of 387?
True
Is 25 a factor of 56869?
False
Is 5843314 a multiple of 79?
True
Is 27530 a multiple of 96?
False
Does 4 divide 36333?
False
Does 176 divide 3248075?
False
Is 69 a factor of 1300236?
True
Is 941507 a multiple of 100?
False
Is 583887 a multiple of 573?
True
Is 167188 a multiple of 14?
True
Does 21 divide 799176?
True
Is 523432 a multiple of 8?
True
Is 5569240 a multiple of 530?
True
Does 149 divide 55130?
True
Does 374 divide 429726?
True
Is 439 a factor of 5443161?
True
Does 3 divide 18406?
False
Is 6437752 a multiple of 8?
True
Is 5612220 a multiple of 15?
True
Is 378 a factor of 547636?
False
Is 817 a factor of 9033882?
False
Does 4 divide 380756?
True
Is 24 a factor of 15456029?
False
Is 3122280 a multiple of 118?
True
Is 22 a factor of 1324158?
True
Is 208 a factor of 154544?
True
Does 169 divide 195533?
True
Is 2327567 a multiple of 32?
False
Does 143 divide 3347058?
True
Is 3302564 a multiple of 42?
False
Is 95278 a multiple of 316?
False
Is 11 a factor of 23200?
False
Is 20435732 a multiple of 122?
True
Is 32 a factor of 16780224?
True
Is 469 a factor of 484946?
True
Is 79903 a multiple of 497?
False
Is 7757525 a multiple of 3?
False
Is 25742834 a multiple of 31?
True
Is 87668 a multiple of 434?
True
Is 44 a factor of 503228?
True
Is 22 a factor of 5166898?
True
Is 222592 a multiple of 32?
True
Is 240012 a multiple of 2?
True
Is 104 a factor of 61663?
False
Does 12 divide 40908?
True
Is 390 a factor of 170040?
True
Is 180782 a multiple of 12?
False
Does 19 divide 8238?
False
Does 28 divide 8633809?
False
Is 1852315 a multiple of 71?
False
Is 122 a factor of 112118?
True
Does 2 divide 259399?
False
Does 50 divide 23250?
True
Does 322 divide 126759?
False
Is 184 a factor of 136160?
True
Does 79 divide 369325?
True
Does 671 divide 835655?
False
Is 114 a factor of 8454696?
True
Is 569294 a multiple of 520?
False
Is 19505 a multiple of 150?
False
Does 17 divide 475456?
True
Is 46 a factor of 3146932?
False
Is 52 a factor of 1228968?
True
Is 61 a factor of 4674638?
False
Is 184 a factor of 1252764?
False
Does 52 divide 8814294?
False
Is 67239 a multiple of 68?
False
Is 3372540 a multiple of 488?
False
Is 7 a factor of 714812?
True
Is 23 a factor of 810037?
True
Is 874 a factor of 4059730?
True
Is 77 a factor of 3023131?
False
Is 291924 a multiple of 54?
True
Does 35 divide 4703786?
False
Is 528513 a multiple of 241?
True
Is 100791 a multiple of 27?
True
Does 119 divide 4006016?
True
Is 9152315 a multiple of 445?
True
Is 1222 a factor of 27851824?
True
Is 2050 a multiple of 2?
True
Is 46 a factor of 10501570?
True
Is 431946 even?
True
Is 23 a factor of 75877?
True
Is 13356048 a multiple of 24?
True
Is 1830664 a multiple of 145?
False
Is 3874568 a multiple of 13?
False
Is 4 a factor of 52416?
True
Is 19 a factor of 488775?
True
Does 13 divide 2506218?
True
Is 23355 a multiple of 23?
False
Is 2565927 a multiple of 21?
True
Is 58 a factor of 3374034?
True
Is 74117 a multiple of 5?
False
Is 250241 a multiple of 8?
False
Does 7 divide 38331?
False
Is 37 a factor of 48208?
False
Is 10 a factor of 57000?
True
Does 8 divide 2392387?
False
Does 60 divide 163620?
True
Does 24 divide 33087?
False
Is 215 a factor of 624042?
False
Does 30 divide 2673780?
True
Is 1044579 a multiple of 52?
False
Is 45 a factor of 207495?
True
Is 1296368 a multiple of 350?
False
Is 7905 a multiple of 93?
True
Does 98 divide 61386?
False
Does 12 divide 88395?
False
Is 178560 a multiple of 248?
True
Is 23 a factor of 1014225?
False
Does 156 divide 17786060?
False
Does 435 divide 68295?
True
Does 58 divide 4882034?
True
Is 40 a factor of 22955920?
True
Is 1759014 a multiple of 19?
False
Does 795 divide 2692808?
False
Is 456442 a multiple of 107?
False
Is 117 a factor of 520611?
False
Is 1081021 a multiple of 2?
False
Is 4546160 a multiple of 40?
True
Is 225 a factor of 481500?
True
Is 408 a factor of 84456?
True
Is 25 a factor of 32325?
True
Is 5 a factor of 539160?
True
Does 63 divide 15420888?
True
Is 13 a factor of 1785693?
True
Is 880726 a multiple of 14?
True
Does 1319 divide 3417529?
True
Does 26 divide 7380134?
False
Does 58 divide 5032123?
False
Is 72 a factor of 7247638?
False
Does 9 divide 1486379?
False
Is 150 a factor of 65400?
True
Is 365 a factor of 850815?
True
Is 96 a factor of 87708?
False
Is 9 a factor of 3261966?
False
Is 20 a factor of 2954200?
True
Is 14887850 a multiple of 228?
False
Is 197136 a multiple of 62?
False
Is 376 a factor of 1440456?
True
Does 43 divide 696820?
False
Is 12747520 a multiple of 460?
True
Is 17389157 a multiple of 43?
True
Is 724260 a multiple of 143?
False
Does 99 divide 67419?
True
Is 27 a factor of 11880?
True
Is 132 a factor of 56628?
True
Does 14 divide 3133424?
True
Does 132 divide 197736?
True
Does 203 divide 140882?
True
Does 16 divide 568240?
True
Is 10 a factor of 7499010?
True
Is 90330 a multiple of 923?
False
Is 761 a factor of 6929708?
False
Does 455 divide 5046376?
False
Is 67 a factor of 1379244?
False
Is 7509291 a multiple of 17?
True
Is 33 a factor of 802709?
False
Is 43 a factor of 224098?
False
Is 4200519 a multiple of 18?
False
Does 7 divide 202517?
True
Is 982387 a multiple of 254?
False
Does 171 divide 531810?
True
Does 4 divide 79644?
True
Is 385 a factor of 169400?
True
Does 48 divide 8868381?
False
Does 27 divide 206318?
False
Is 3428088 a multiple of 37?
False
Is 14 a factor of 16468230?
False
Does 27 divide 2010663?
True
Is 5885315 a multiple of 72?
False
Is 9459235 a multiple of 4?
False
Is 497736 a multiple of 4?
True
Is 7 a factor of 5505017?
True
Is 9 a factor of 201030?
False
Is 9 a factor of 592335?
True
Is 1262194 a multiple of 1058?
True
Does 78 divide 105144?
True
Is 8 a factor of 1312752?
True
Is 99 a factor of 8599003?
False
Does 8 divide 103696?
True
Does 93 divide 892095?
False
Does 52 divide 1013684?
False
Does 608 divide 1388064?
True
Is 121 a factor of 165365?
False
Is 8 a factor of 20484016?
True
Does 122 divide 352598?
False
Does 5 divide 227350?
True
Is 10387592 a multiple of 133?
False
Is 3789465 a multiple of 771?
True
Does 29 divide 22445768?
True
Is 4485 a multiple of 3?
True
Is 7081109 a multiple of 700?
False
Does 2 divide 12996?
True
Is 26 a factor of 248087?
False
Is 42 a factor of 11111243?
False
Is 155619 a multiple of 34?
False
Does 5 divide 100094?
False
Does 8 divide 21326?
False
Is 54 a factor of 6406637?
False
Is 87672 a multiple of 78?
True
Is 819 a factor of 2276820?
True
Is 24257 a multiple of 11?
False
Does 455 divide 7120295?
True
Does 29 divide 182027?
False
Is 58 a factor of 8834844?
False
Is 60 a factor of 6864995?
False
Is 542925 a multiple of 475?
True
Does 10 divide 45148?
False
Is 334656 a multiple of 28?
True
Does 182 divide 140526?
False
Is 437737 a multiple of 18?
False
Is 131 a factor of 278375?
True
Is 441314 a multiple of 35?
False
Is 24 a factor of 58560?
True
Is 736622 a multiple of 31?
True
Is 143 a factor of 715030?
False
Is 35 a factor of 411740?
True
Is 287 a factor of 353107?
False
Is 36 a factor of 106992?
True
Is 56 a factor of 3816643?
False
Is 140892 a multiple of 89?
False
Does 93 divide 4426037?
False
Is 4 a factor of 79927?
False
Is 4145152 a multiple of 92?
True
Is 25 a factor of 127795?
False
Is 35 a factor of 31408?
False
Does 24 divide 331752?
True
Is 1703425 a multiple of 20?
False
Is 42 a factor of 82404?
True
Is 84 a factor of 445940?
False
Is 15 a factor of 191315?
False
Does 45 divide 251490?
False
Is 10 a factor of 140880?
True
Is 481110 a multiple of 29?
True
Is 301 a factor of 184616?
False
Does 13 divide 249145?
True
Is 54 a factor of 33312?
False
Does 109 divide 510725?
False
Is 685913 a multiple of 49?
False
Is 2808181 a multiple of 30?
False
Is 46080 a multiple of 384?
True
Is 103 a factor of 88271?
True
Does 9 divide 151538?
False
Does 220 divide 2689280?
True
Does 548 divide 588720?
False
Does 37 divide 2089686?
True
Does 3 divide 501997?
False
Is 36822 a multiple of 102?
True
Is 8430762 a multiple of 13?
False
Is 216216 a multiple of 84?